and y.
18
Suppose 8*l - 80 = 3*l. Let o be 8/(-28) + l/7. Calculate the highest common divisor of 10 and o.
2
Let a(q) = -3*q - 4. Let i be a(-6). Calculate the greatest common divisor of i and 154.
14
Let x be (242/(-55))/(2/(-30)). Calculate the highest common factor of 6 and x.
6
Suppose -m = 3*u - 12, 5*u = -11 - 14. Let s = m - 11. What is the highest common factor of 32 and s?
16
Suppose 0 = 54*v - 53*v - 33. What is the greatest common factor of v and 11?
11
Suppose -5*h + 3*d = -465, -4*h = -3*d + 4*d - 389. What is the greatest common divisor of h and 12?
12
Let a(w) be the first derivative of -w**4/4 - 4*w**3/3 + 5*w**2/2 + 6*w - 1. Let m = -3 - 2. Let l be a(m). Calculate the highest common divisor of 4 and l.
2
Let u be (1/(-2)*-2 + -2)*-9. Calculate the greatest common divisor of 72 and u.
9
Let b(u) = 2*u**3 - 7 + 0*u**3 - u + u**2 + 0*u**3 + u**3. Let f be b(3). Calculate the greatest common factor of f and 32.
16
Suppose 0 = -3*r - 14 + 53. Let o = r - 21. Let u = -5 - o. What is the highest common factor of u and 33?
3
Let i = 89 + -53. Calculate the greatest common factor of 36 and i.
36
Let s(r) = 5*r - 21. Let y be s(9). Let j = 34 - y. What is the highest common divisor of 25 and j?
5
Let c be (-24)/8*24/(-9). Calculate the greatest common divisor of 16 and c.
8
Let c = 78 + -41. Suppose -5*n - 3*x + 65 = 0, 3*x = -3*n + 8 + c. Calculate the greatest common factor of 20 and n.
10
Suppose a = 4*s + 219, -4*a + 2*s + 912 = -2*s. Calculate the greatest common factor of a and 33.
33
Let y = -14 - -22. Calculate the highest common divisor of 2 and y.
2
Suppose l = -8*o + 10*o - 125, 2*o - 4*l = 140. Let i(c) = 10*c**2. Let k be i(-1). What is the highest common factor of o and k?
10
Suppose -d = -2*d + 3*j + 298, 0 = 5*d - j - 1504. What is the highest common factor of 43 and d?
43
Let v(p) = -p**3 + 12*p**2 - 5*p + 4. Let y be v(11). Calculate the greatest common factor of y and 28.
14
Suppose -y + 21 = 4*u - 0*u, -5*u = -4*y + 21. Calculate the highest common factor of 63 and y.
9
Suppose -4*q + m + 61 = 0, -5*q - m + 74 = -0*m. What is the highest common divisor of 315 and q?
15
Suppose 24 = -2*w + 4*w. Let u be 5 - (3 - 2/2). What is the greatest common divisor of w and u?
3
Let v be (1/(-2))/((-2)/(-120)). Let x be 1/5 - 54/v. Suppose -26 = -b - x*q - 3*q, -3*b = 4*q - 56. What is the highest common divisor of b and 32?
16
Suppose 0 = -i + 71 + 83. Suppose 4*n - 53 = -4*v + 3*n, 0 = 4*n + 12. Calculate the highest common divisor of v and i.
14
Let n(x) = -x**3 - 6*x**2 + 1. Let g be n(-6). Let s be (g + -4)/6*-2. Suppose j + 4 = 0, 4*p + 5*j + 2 = -10. What is the greatest common factor of s and p?
1
Suppose -3*q = -q + 5*j - 38, q = -4*j + 22. Calculate the highest common factor of 28 and q.
14
Let v be ((-7)/(21/(-204)))/((-4)/(-2)). What is the greatest common factor of 51 and v?
17
Let b = -55 - -23. Let p be (b/(-12))/(2/12). Suppose 4*d + 0*d = 2*v - 2, 4*v - p = 2*d. What is the highest common divisor of d and 14?
2
Suppose 2*c = -6*s + s + 806, -317 = -2*s + c. Let m = 6 + 14. What is the highest common divisor of m and s?
20
Suppose -9*r - 76 = -5*r. Let k = -14 - r. Let c = 24 + -4. What is the greatest common factor of k and c?
5
Let u be 279 - (-1)/(-1)*-1. Suppose -8*y = -4*y - u. Let k = -22 + 36. What is the greatest common divisor of y and k?
14
Let p be 3/(6/(-2)) - 0. Let t be 0 - 1*106*p. Suppose 2*h + d = 237, -5*h + 4*h = 3*d - t. What is the greatest common factor of h and 11?
11
Suppose -2*i + 120 = i. Let d(g) = -g**3 + 5*g**2 - 5*g + 6. Let y be d(4). Let o be (-7 + y)*(-1 - 1). What is the greatest common divisor of i and o?
10
Suppose -4*r - 1 = -3*q - 0*q, -q = -2*r + 1. Suppose -q*p + 2*j = -48, -4*j - 9 + 3 = -p. What is the greatest common factor of p and 162?
18
Let s be 92/2 + (-5 - -7). Calculate the greatest common divisor of 6 and s.
6
Let r be (165/44)/(6/16). Let k(q) = -19*q + 1. Let g be k(-1). Calculate the greatest common factor of r and g.
10
Let d = -1 - -8. Let k = -5 + d. Suppose 7*u = k*u + 150. What is the highest common divisor of 10 and u?
10
Suppose -2*a = -7*a + 735. Calculate the greatest common divisor of 21 and a.
21
Suppose -4*l = t - 86, -5*l + 70 + 33 = -t. What is the greatest common divisor of l and 14?
7
Let u(k) = -k**2 + 5*k - 3. Let s = 9 + -5. Let n be u(s). Let a be 4 - (2 + -1)*n. What is the highest common divisor of 1 and a?
1
Let q be 9/2*(-4)/(-6). Suppose -q*p - f + 190 = f, 123 = 2*p + 5*f. Calculate the greatest common divisor of 8 and p.
8
Let p(k) = -k**2 - 7*k + 4. Let r be p(-6). Let b be 3/12 - (-78)/8. What is the highest common divisor of b and r?
10
Let u = 5 + 15. What is the highest common divisor of u and 50?
10
Let l = -407 - -572. What is the highest common factor of l and 15?
15
Let q(a) be the second derivative of -a**3/2 - a**2 + 2*a. Let x be q(-1). What is the highest common divisor of 4 and x?
1
Let w be 18/4 + (-6)/4. Suppose 0*j + 36 = w*j. Calculate the highest common factor of 96 and j.
12
Let z be 459/5 - 3/(-15). Let p be -1 - (0 - 4*6). What is the greatest common divisor of z and p?
23
Let z be 4*(-23)/4*-1. Suppose -2*q - 5*j + 439 = -0*q, 5*q = 5*j + 1010. What is the greatest common divisor of z and q?
23
Let q be 15/(-3)*78/(-15). Suppose 4*d + 6 + q = 0. Let y = -1 - d. Calculate the greatest common divisor of y and 77.
7
Let m be 0 + (-5)/(10/(-8)). Suppose -2*n + m = 0, 3*n - 12 = -3*u - 0. What is the greatest common factor of 10 and u?
2
Let f be (-423)/(-5) + 8/20. Calculate the greatest common factor of f and 17.
17
Suppose 3*f - 4*f = -5. Let w = f + -6. Let y be -1 + 1/(w/(-2)). What is the highest common factor of y and 7?
1
Let h(d) = d**2 + 1. Suppose 0*v = -5*v. Suppose -3*a + 1 + 2 = v. Let z be h(a). What is the highest common divisor of z and 16?
2
Let m be 11190/75 + (-4)/(-5). Calculate the highest common divisor of m and 30.
30
Let c(a) = -21*a + 31. Let y be c(-9). Suppose 0 = 3*g + 34 - 94. Calculate the highest common factor of y and g.
20
Let g(q) = q**3 - 4*q**2 + 4*q - 2. Let c be g(3). Let j be 18*c/(6/20). Calculate the greatest common divisor of 20 and j.
20
Let s(t) = 2*t + 14. Let n be s(0). Suppose 0 = 3*k - 41 + n. Let x = 209 - 137. What is the highest common factor of k and x?
9
Suppose -4*v = 4*p, p + 3*p + 25 = v. Suppose 2*h = 5*f - 808, 0 = 2*f - v*h - 0*h - 319. Calculate the greatest common divisor of f and 18.
18
Suppose 2*k = 2*u - 122, 5*u - k + 0*k = 325. Let b be (-4 - 0)/((-4)/22). What is the highest common factor of b and u?
22
Suppose 3*v = 2*a + 40, a + a = -4. Calculate the greatest common factor of v and 96.
12
Let g(p) = -9*p - 4. Let m(a) = 14*a + 6. Let r(s) = -8*g(s) - 5*m(s). Let i be r(2). Calculate the greatest common divisor of 9 and i.
3
Suppose 12*x + 51 = 9*x. Let p = -15 - x. Calculate the highest common divisor of 14 and p.
2
Let w be (5 - 1)/(1 - 2). Let f(m) = -2*m + 4. Let u be f(w). What is the highest common factor of u and 84?
12
Suppose 0 = r + 11 - 27. What is the greatest common divisor of 8 and r?
8
Let k = -26 - -45. Suppose 0 = 4*y + 4*c - 444, 5*c = y - 136 + k. Suppose 0*p - 28 = -2*p. What is the greatest common divisor of y and p?
14
Suppose 3*x = 16 + 74. Suppose z + 14 = 3*z. Let k be 2/z + 103/7. Calculate the greatest common divisor of k and x.
15
Suppose 3*h + 2*h + 30 = 4*o, -4*o = h - 18. Let r = -1 - h. Let v be 4/(-14) - (-37)/7. Calculate the greatest common factor of r and v.
1
Let u be -3*3/9*-25. Suppose -2*f - 650 = -2*n - 200, f = 2*n - 450. What is the highest common factor of n and u?
25
Suppose 2*i - 2*j - 8 = 0, 4*i - 9 = 2*j + 11. Suppose -z - 20 = -4*s + 2, 2*s - 2 = 5*z. What is the greatest common factor of s and i?
6
Let d be 1/6 + 639/54. Let s be d/16 + (-387)/(-12). Calculate the greatest common factor of 3 and s.
3
Let p be (8/16)/(2/92). What is the greatest common divisor of 23 and p?
23
Let l = 14 + -10. Let q(j) be the first derivative of 2*j**3/3 - 3*j**2 + 3*j - 2. Let y be q(l). Calculate the highest common divisor of 1 and y.
1
Suppose 0*y + 5*y - 20 = u, 5*u = 5*y. Calculate the greatest common divisor of 55 and y.
5
Let b = 772 + -136. Let g be b/30 - 1/5. Calculate the highest common factor of g a